(j) = 4*j**2 - 25*j - 16. Suppose 6*g + 99 = 17*g. Suppose -2*k - 3*k + 111 = -2*l, 0 = -5*l - 15. Calculate the remainder when i(g) is divided by k.
20
Suppose 5*i - 5*v + 2*v - 227 = 0, -223 = -5*i + 2*v. What is the remainder when i is divided by 11?
10
Let x(o) = -6*o**3 - o**2 + o - 2. Calculate the remainder when x(-2) is divided by 42/4*(-20)/(-15).
12
Suppose -47 = -37*k + 36*k. Calculate the remainder when k is divided by 17.
13
Let z = 719 + -709. Let j(x) = -x + 13. Calculate the remainder when z is divided by j(7).
4
Calculate the remainder when (4/4)/((-5)/(-1290)*2) is divided by 4.
1
Let q be (6/(-4))/((-3)/(-44)). Let i = q + 7. Calculate the remainder when 18/135 - 298/i is divided by 7.
6
Suppose u = 4*p - 58, -6*p + u = -p - 72. Suppose -2*g = -53 - 105. Let m = g + -40. Calculate the remainder when m is divided by p.
11
Suppose -188 = -2*q - 4*x - 6, -x = 3*q - 248. Let n(d) = -2*d**3 + 20*d**2 + 50*d - 2. What is the remainder when q is divided by n(12)?
15
Let g = 48 + -18. Suppose k = -k - 2*q + 30, 2*k = 5*q + g. Calculate the remainder when k is divided by 6.
3
Let i = 14 + 6. Suppose s - i = 43. Calculate the remainder when s is divided by 8.
7
Let h(z) = 85*z**3 + z**2. Suppose 2*v - 2*r - 30 = 0, 5*v = v - 2*r + 78. What is the remainder when h(1) is divided by v?
14
Suppose 0 = -n + 4, 0*n - 4*n + 7 = -3*p. Suppose -p*i = 4*i - 49. What is the remainder when 17 is divided by i?
3
Let c(w) = -w**2 - 18*w - 10. Let p be c(-17). Suppose p = -a + 36. What is the remainder when a is divided by 1/(-5) + 81/5?
13
Let y(u) be the second derivative of 2*u**3/3 - 7*u**2 - 16*u. What is the remainder when 4 is divided by y(4)?
0
Let i(w) = -22*w - 48. What is the remainder when ((-16)/24)/(2/(-93)) is divided by i(-3)?
13
Let k(m) = m**2 + 5. Suppose 4*y = -2*h + 98, 3*y - y + 2*h - 54 = 0. Suppose 39 = g - y. Calculate the remainder when g is divided by k(4).
19
Let i be (-3 + 11/3)*6. Suppose 0*q = -i*q + 20. Calculate the remainder when (-32 - -14)*2/(-4) is divided by q.
4
Let q = 41 - 36. Suppose 42 = q*i - 218. Calculate the remainder when i is divided by 14.
10
Let y = -601 - -714. What is the remainder when y is divided by 29?
26
Suppose 0 = 2*k - 3*b - 178, -4*k - 109*b = -114*b - 354. Calculate the remainder when k is divided by 70.
16
Let t be 33/(4/((-16)/(-6))). Let w = 28 - t. Suppose -12 = v - 5*g, 4*v + 0*g = -2*g + 18. What is the remainder when w is divided by v?
0
Let c be 2/6 + 111/(-9). Let g be (-2)/(-6) - (-4)/c. Calculate the remainder when 9 is divided by (-4 - (-2 + g)) + 5.
0
Suppose -p - 14 = -18. Suppose -7*y + p*y = -294. What is the remainder when 1/((-4)/y)*-2 is divided by 25?
24
Suppose 0 = -24*c + c + 368. Calculate the remainder when 125 is divided by c.
13
Let o be (-2)/(-3) + (-80)/(-6). Let a(n) = n**2 + 3*n + 3. Let q be a(-2). Suppose 3*t - o = q. What is the remainder when 12 is divided by t?
2
Let d = -68 + 31. Let m be 3 - 6*(d + 2). Suppose 3*t - 146 = s, s = -4*t + 6*s + m. What is the remainder when t is divided by 16?
15
Let k(z) = z**2 + 6*z - 3. Let o = -28 + 47. Calculate the remainder when o is divided by k(-7).
3
Let n be (13 + 1)*((-45)/6)/(-5). Suppose -o + 61 = 5*s, 2*s - n = -o + 4. What is the remainder when s is divided by 4?
0
Suppose 2*n + 117 = 11*n. Calculate the remainder when n is divided by 5.
3
Suppose 389*t = 374*t + 11115. What is the remainder when t is divided by 62?
59
Suppose 5*w - 4*k = 194, 0*w + w = k + 38. Let m(l) = -2*l + 82. What is the remainder when m(0) is divided by w?
40
Let s = 177 + -298. Let z(j) = -j**3 + j**2 + j + 1. Calculate the remainder when z(-1) is divided by 22/s + 48/22.
0
Let d(z) = -16*z - 1. Let g(c) = c - 8. Let u be g(6). Suppose -75 = -19*m + 77. Calculate the remainder when d(u) is divided by m.
7
Suppose -1001 = 35*l - 46*l. What is the remainder when l is divided by 32?
27
Let q = 35 + -7. Suppose 3*a = 63 - 45. Calculate the remainder when q is divided by a.
4
Suppose -72*s - 6348 = -24996. Calculate the remainder when s is divided by 38.
31
Suppose 1438 = 33*x - 2621. Calculate the remainder when x is divided by 25.
23
Let i(v) be the first derivative of 20*v**3/3 + 5*v**2 + 6*v + 12. Let s be i(-4). Let j = s - 156. What is the remainder when j is divided by 33?
31
Suppose -3*o + 2*b = -168, -o + 5*b + 26 = -30. Calculate the remainder when 111 is divided by o.
55
Let d(i) = -i + 2. Let r be d(-7). Let n = r - 4. Suppose -n*a - 5*z + 60 = 10, 3*a = 3*z. Calculate the remainder when a is divided by 2.
1
Let v(h) = 3*h**2 + 28*h + 51. What is the remainder when (-7 + 2)*48/(-10) is divided by v(-2)?
3
Let o(h) = -h + 5. Let l be o(-6). Suppose 0 = -l*v + 158 - 59. What is the remainder when 17 is divided by v?
8
Let q(f) = 2*f - 1 + 3 - 3. Suppose i - 3 + 0 = 0. What is the remainder when q(5) is divided by i?
0
Let a be (-56)/(2/(-4 - -3)). Let d = a - 26. Suppose 18 = -d*b + 88. What is the remainder when b is divided by 12?
11
Let v = -54 + 192. Suppose -4*f = -367 + 119. What is the remainder when f is divided by v/9 - (-8)/12?
14
Let u = -42 + 54. What is the remainder when 3*13*32/u is divided by 35?
34
Let p(f) = 11*f + 2. Let m be p(1). Let j = m - 11. Suppose 4*h + 50 = j*x, 43 = 4*x - 3*x + 4*h. Calculate the remainder when 89 is divided by x.
27
Suppose 11*f - 7 = 4*f. What is the remainder when 103 is divided by (-3 - -2)*(0 - f) + 25?
25
Let c = -2 + 3. What is the remainder when 87 + (1 + 0)/c is divided by 15?
13
Let d(z) = -z**3 + 9*z**2 - z + 9. Let o be d(9). Suppose 7*b - 8*b + 22 = o. What is the remainder when b is divided by (-3)/(2/(16/(-3)))?
6
What is the remainder when ((-376)/(-6) - -1) + 64/(-96) is divided by 5?
3
Let z = -441 - -590. What is the remainder when z is divided by 55?
39
Let y(w) = w - 6. Let r be y(5). Let q = -162 - -155. Calculate the remainder when q/r*144/21 is divided by 10.
8
Suppose 58 - 778 = -10*o. Suppose -74*k + o = -71*k. Calculate the remainder when 70 is divided by k.
22
Suppose 3*f - 475 = -5*n, 97*n + 2*f = 98*n - 95. Calculate the remainder when 664 is divided by n.
94
Suppose -24 = 2*a + 4*a. Calculate the remainder when a*-10*15/12 is divided by 13.
11
Calculate the remainder when 326 is divided by (-47)/(-188) + (-46)/(-8).
2
Suppose -269 = -2*g - 4*b + 7*b, 5*g - 685 = 5*b. What is the remainder when g is divided by 63?
16
Let l(k) be the second derivative of k**5/5 - k**2/2 - 3*k. Suppose 4*i - 3*i = 4. What is the remainder when i is divided by l(1)?
1
Suppose u = -4*u + 20. Suppose -u*z + 3*x = -89, 0*z + 4*z - 124 = -4*x. Calculate the remainder when 127 is divided by z.
23
Let h = -11 + 5. What is the remainder when (-9)/h - 214/(-4) is divided by 19?
17
Let s(v) = v**2 - v + 3. Let d be s(4). Suppose -g = -5*g + 28. Calculate the remainder when 5/d + (-70)/(-6) is divided by g.
5
Let b = -1503 - -1617. Calculate the remainder when 2506 is divided by b.
112
Suppose 0 = m - 198 - 0. Calculate the remainder when m is divided by 50.
48
Let j(i) = -i**3 - 11*i**2 + 11*i - 9. Let m be j(-12). Suppose -2*o + 107 = 5*a, -5*a + m*o + 44 = -83. What is the remainder when a is divided by 10?
3
Suppose 54 = 3*r + 4*o, -4*r + 3*o = 7*o - 72. Suppose 6*m - 3*m = r. Calculate the remainder when 16 is divided by m.
4
Suppose -160*g + 3840 = -148*g. What is the remainder when g is divided by 19?
16
Let x(q) = -19*q**3 + q + 1. Let i(o) = -72*o + 2028. What is the remainder when x(-1) is divided by i(28)?
7
Let r(m) = -9*m**2 - 173*m - 31. Suppose 2*w + 15 = 3*w - 2*p, 3*p + 6 = 0. Calculate the remainder when w is divided by r(-19).
4
Let o = 392 - 340. What is the remainder when 255 is divided by o?
47
Let t(m) = -5*m + 8. Let k(z) = z**2 - 21*z + 51. Let i be k(18). Let p = -17 + 29. Calculate the remainder when t(i) is divided by p.
11
Calculate the remainder when 134/670 + 1579/5 is divided by 162.
154
Suppose -4*u + 66 = -u. Let p = u + -20. Suppose -3*k + 35 = -4*c, k + p*c + 0*c = 25. Calculate the remainder when k is divided by 5.
2
Suppose -29*d + 168 = -21*d. Calculate the remainder when 119 is divided by d.
14
Let c be (4 + 22/(-8))*-36. Let s be (-24)/9*c/10. Calculate the remainder when 17 is divided by s*((-28)/8 - -4).
5
What is the remainder when